{"id":277,"date":"2026-01-26T11:37:50","date_gmt":"2026-01-26T11:37:50","guid":{"rendered":"https:\/\/www.heldenschmiede.com\/?page_id=277"},"modified":"2026-01-27T08:21:48","modified_gmt":"2026-01-27T08:21:48","slug":"details","status":"publish","type":"page","link":"https:\/\/www.heldenschmiede.com\/index.php\/details\/","title":{"rendered":"Elementor #277"},"content":{"rendered":"\t\t<div data-elementor-type=\"wp-page\" data-elementor-id=\"277\" class=\"elementor elementor-277\" data-elementor-post-type=\"page\">\n\t\t\t\t\t\t<section class=\"elementor-section elementor-top-section elementor-element elementor-element-6a776ff elementor-section-full_width elementor-section-height-default elementor-section-height-default\" data-id=\"6a776ff\" data-element_type=\"section\" data-settings=\"{&quot;shape_divider_bottom&quot;:&quot;curve&quot;,&quot;shape_divider_bottom_negative&quot;:&quot;yes&quot;,&quot;background_background&quot;:&quot;classic&quot;}\">\n\t\t\t\t\t\t\t<div class=\"elementor-background-overlay\"><\/div>\n\t\t\t\t\t\t<div class=\"elementor-shape elementor-shape-bottom\" aria-hidden=\"true\" data-negative=\"true\">\n\t\t\t<svg xmlns=\"http:\/\/www.w3.org\/2000\/svg\" viewBox=\"0 0 1000 100\" preserveAspectRatio=\"none\">\n\t<path class=\"elementor-shape-fill\" d=\"M500,97C126.7,96.3,0.8,19.8,0,0v100l1000,0V1C1000,19.4,873.3,97.8,500,97z\"\/>\n<\/svg>\t\t<\/div>\n\t\t\t\t\t<div class=\"elementor-container elementor-column-gap-no\">\n\t\t\t\t\t<div class=\"elementor-column elementor-col-100 elementor-top-column elementor-element elementor-element-60fef76\" data-id=\"60fef76\" data-element_type=\"column\" data-settings=\"{&quot;background_background&quot;:&quot;classic&quot;}\">\n\t\t\t<div class=\"elementor-widget-wrap elementor-element-populated\">\n\t\t\t\t\t<div class=\"elementor-background-overlay\"><\/div>\n\t\t\t\t\t\t<div class=\"elementor-element elementor-element-fa5097a elementor--h-position-center elementor--v-position-middle elementor-arrows-position-inside elementor-pagination-position-inside elementor-widget elementor-widget-slides\" data-id=\"fa5097a\" data-element_type=\"widget\" data-settings=\"{&quot;navigation&quot;:&quot;both&quot;,&quot;autoplay&quot;:&quot;yes&quot;,&quot;pause_on_hover&quot;:&quot;yes&quot;,&quot;pause_on_interaction&quot;:&quot;yes&quot;,&quot;autoplay_speed&quot;:5000,&quot;infinite&quot;:&quot;yes&quot;,&quot;transition&quot;:&quot;slide&quot;,&quot;transition_speed&quot;:500}\" data-widget_type=\"slides.default\">\n\t\t\t\t\t\t\t\t\t\t<div class=\"elementor-slides-wrapper elementor-main-swiper swiper\" role=\"region\" aria-roledescription=\"carousel\" aria-label=\"Slides\" dir=\"ltr\" data-animation=\"fadeInUp\">\n\t\t\t\t<div class=\"swiper-wrapper elementor-slides\">\n\t\t\t\t\t\t\t\t\t\t<div class=\"elementor-repeater-item-57994e9 swiper-slide\" role=\"group\" aria-roledescription=\"slide\"><div class=\"swiper-slide-bg elementor-ken-burns elementor-ken-burns--out\" role=\"img\"><\/div><div class=\"elementor-background-overlay\"><\/div><div class=\"swiper-slide-inner\" ><div class=\"swiper-slide-contents\"><div class=\"elementor-slide-heading\">Helden-schmiede<\/div><div class=\"elementor-slide-description\">Dein Jahr im Weinberg<\/div><\/div><\/div><\/div>\t\t\t\t<\/div>\n\t\t\t\t\t\t\t<\/div>\n\t\t\t\t\t\t\t\t<\/div>\n\t\t\t\t\t<\/div>\n\t\t<\/div>\n\t\t\t\t\t<\/div>\n\t\t<\/section>\n\t\t<div class=\"elementor-element elementor-element-fe4ee0d e-flex e-con-boxed e-con e-parent\" data-id=\"fe4ee0d\" data-element_type=\"container\">\n\t\t\t\t\t<div class=\"e-con-inner\">\n\t\t\t\t<div class=\"elementor-element elementor-element-f1fd54a elementor-widget elementor-widget-text-editor\" data-id=\"f1fd54a\" data-element_type=\"widget\" data-widget_type=\"text-editor.default\">\n\t\t\t\t\t\t\t\t\t<p>Die Heldenschmiede Ludwigsburg geht in eine neue Runde. Das einzigartige Schulungsprogramm richtet sich an alle, die aktiv zum Erhalt der Ludwigsburger Steillagen beitragen m\u00f6chten \u2013 ganz egal, ob mit oder ohne Vorkenntnisse im Weinbau. Werde Teil der Heldenschmiede und bewahre mit deiner Tatkraft eine der wertvollsten Kulturlandschaften der Region.<\/p><p><strong>Ludwigsburger Steillagen \u2013 Eine einzigartige Kulturlandschaft<\/strong><\/p><p>Die terrassierten Weinbergsteillagen entlang des Ludwigsburger Neckars sind ein pr\u00e4gendes Element der regionalen Kulturlandschaft. Auf der Gemarkung Ludwigsburg befinden sich rund 29 Hektar Steillagen, das sind knapp 10 % der gesamten Steillagenfl\u00e4che des Landkreises.<\/p><p>Diese Fl\u00e4chen sind \u00f6kologisch besonders wertvoll: Studien belegen, dass die terrassierten Weinberge Lebensraum f\u00fcr zahlreiche gesch\u00fctzte Tier- und Pflanzenarten bieten \u2013 darunter:<\/p><ul><li>3 Reptilienarten<\/li><li>46 Tagfalterarten<\/li><li>18 Heuschreckenarten<\/li><li>114 Bienenarten<\/li><li>346 Farn- und Bl\u00fctenpflanzenarten (viele davon auf der Roten Liste)<p>\u00a0<\/p><\/li><\/ul><p><strong>Warum die Heldenschmiede Ludwigsburg so wichtig ist<\/strong><\/p><p>Die heutige Generation der Wengerter, die diese Steillagen bewirtschaftet, st\u00f6\u00dft altersbedingt zunehmend an ihre Grenzen. In den meisten F\u00e4llen fehlen Nachfolger. Gleichzeitig ist der Steillagenweinbau nahezu ausschlie\u00dflich Handarbeit und wirtschaftlich oft kaum rentabel.<\/p><p>\ud83d\udc49 Hier setzt die Heldenschmiede Ludwigsburg an.<\/p><p>Die Heldenschmiede schlie\u00dft diese L\u00fccke, indem sie engagierte Menschen zu neuen Steillagen-Wengertern ausbildet und so den langfristigen Erhalt der Kulturlandschaft sichert.<\/p><p><strong>Das Konzept der Heldenschmiede<\/strong><\/p><p>Die Heldenschmiede Ludwigsburg ist ein praxisnahes Schulungsprogramm f\u00fcr interessierte Hobby-Wengerter. Seit vier Jahren wird die Heldenschmiede in Kooperation der Stadt Ludwigsburg und den Weing\u00e4rtnern Marbach durchgef\u00fchrt.<\/p><p>Erfolge der Heldenschmiede:<\/p><ul><li>\u00dcber 100 ausgebildete Held:innen<\/li><li>Rund 15 Weinbergsfl\u00e4chen bereits \u00fcbernommen<\/li><li>Insgesamt ca. 1 Hektar Steillagenweinberg in aktiver Bewirtschaftung<\/li><li>Atemberaubende Aussicht inklusive<\/li><\/ul><p>Die Schulungen finden direkt im st\u00e4dtischen Schulungsweinberg zwischen Neckarweihingen und Poppenweiler statt.<\/p><p><strong>F\u00fcr wen ist die Heldenschmiede geeignet?<\/strong><\/p><p>Das Angebot der Heldenschmiede Ludwigsburg richtet sich an:<\/p><ul><li>Natur- und Weinliebhaber<\/li><li>Menschen mit Interesse am Terrassenweinbau<\/li><li>Engagierte B\u00fcrger:innen, die Kulturlandschaft erhalten m\u00f6chten<\/li><li>Teilnehmende mit oder ohne weinbauliche Vorkenntnisse<\/li><\/ul><p><strong>\u00dcberblick: Schulungsprogramm Heldenschmiede<\/strong><\/p><p>Heldenschmiede bedeutet: Theorie und Praxis im perfekten Zusammenspiel.<\/p><ul><li>Ziel: Praktische Vermittlung von weinbaulichem Wissen im Steillagenweinbau \u2013 angepasst an Jahreszeit und Vegetationsverlauf<\/li><li>Ort: \u201eSteiles Klassenzimmer\u201c im st\u00e4dtischen Wengert <em>Heldenschmiede<\/em><\/li><li>Zeit: Monatliche Schulungstreffen, samstags sowie erg\u00e4nzend unter der Woche (witterungs- und vegetationsabh\u00e4ngig)<\/li><\/ul><p><strong>Die Klassen der Heldenschmiede Ludwigsburg<\/strong><\/p><p>Heldenschmiede \u2013 Klasse 1<\/p><p>Jede:r startet mit Klasse 1. Gemeinsam bewirtschaften wir \u00bd Hektar Steillage und vermitteln dir Schritt f\u00fcr Schritt das Einmaleins des Weinbaus.<\/p><p>Inhalte Klasse 1:<\/p><ul><li>Kurze Theorieeinf\u00fchrung am Morgen<\/li><li>Praktische Arbeit im Weinberg unter Anleitung erfahrener Coaches<\/li><li>Saisonale Arbeiten im Jahresverlauf<\/li><li>Weinthemen &amp; Weinproben zu jedem Mittagessen<\/li><li>Geselligkeit &amp; Austausch mit Weinerlebnisf\u00fchrern<\/li><\/ul><p><strong>Heldenschmiede \u2013 Klasse 2<\/strong><\/p><p>Nach erfolgreichem Abschluss der Heldenschmiede Klasse 1 erh\u00e4ltst du dein Heldendiplom und kannst dein Engagement vertiefen.<\/p><p>Option a \u2013 Mitmachen ohne Verantwortung<\/p><ul><li>Teilnahme an Arbeitsterminen &amp; Lese<\/li><li>Mittagessen an Schulungssamstagen<\/li><li>Vertiefung des Wissens &amp; Wengerter-Gef\u00fchl<\/li><\/ul><p>Option b \u2013 Eigenes Flurst\u00fcck<\/p><ul><li>Pacht eines Weinbergs<\/li><li>Betreuung an Schulungssamstagen ab 13:00 Uhr<\/li><li>Unterst\u00fctzung mit Know-how &amp; Ger\u00e4ten<\/li><\/ul><p>\ud83d\udc49 Beide Optionen sind kombinierbar.<\/p><p>Zusatzqualifikationen \u00fcber die Heldenschmiede:<\/p><ul><li>Grundkurs \u201eSanierung von Weinbergtrockenmauern\u201c (LVG Heidelberg)<\/li><li>Sachkundenachweis Pflanzenschutz<br \/>\u27a1\ufe0f 50 % Kostenr\u00fcckerstattung bei Bewirtschaftung eines Flurst\u00fccks<\/li><\/ul><p>F\u00fcr alle Held:innen \u2013 auch nach der Schulung<\/p><p>Heldenstammtisch<\/p><p>Bleib Teil der Heldenschmiede Ludwigsburg und tausche dich monatlich im Wein-Caf\u00e9 Drilling bei den Weing\u00e4rtnern Marbach aus.<\/p><p>\ud83d\udcc5 Mai bis September | \ud83d\udd55 ab 18 Uhr<\/p><p>Exkursionen &amp; Workshops<\/p><p>Vertiefende Sonderprogramme mit Vortr\u00e4gen und Praxisschulungen zu speziellen Themen. Termine werden bekannt gegeben.<\/p><p><strong>Anmeldung zur Heldenschmiede Ludwigsburg<\/strong><\/p><p>Die Anmeldung zu Klasse 1 oder Klasse 2 der Heldenschmiede ist \u00fcber die <a href=\"https:\/\/www.ludwigsburg.de\/start\/leben+in+ludwigsburg\/steillagenretter.html\">Website der Stadt Ludwigsburg<\/a>\u00a0m\u00f6glich.<br \/>Weitere Informationen bei den Weing\u00e4rtnern Marbach unter 07144\u00a06419 erh\u00e4ltlich.<\/p>\t\t\t\t\t\t\t\t<\/div>\n\t\t\t\t\t<\/div>\n\t\t\t\t<\/div>\n\t\t\t\t<\/div>\n\t\t","protected":false},"excerpt":{"rendered":"<p>Helden-schmiedeDein Jahr im Weinberg Die Heldenschmiede Ludwigsburg geht in eine neue Runde. Das einzigartige Schulungsprogramm richtet sich an alle, die aktiv zum Erhalt der Ludwigsburger Steillagen beitragen m\u00f6chten \u2013 ganz egal, ob mit oder ohne Vorkenntnisse im Weinbau. Werde Teil der Heldenschmiede und bewahre mit deiner Tatkraft eine der wertvollsten Kulturlandschaften der Region. Ludwigsburger Steillagen [&hellip;]<\/p>\n","protected":false},"author":3,"featured_media":0,"parent":0,"menu_order":0,"comment_status":"closed","ping_status":"closed","template":"","meta":{"footnotes":""},"class_list":["post-277","page","type-page","status-publish","hentry"],"_links":{"self":[{"href":"https:\/\/www.heldenschmiede.com\/index.php\/wp-json\/wp\/v2\/pages\/277","targetHints":{"allow":["GET"]}}],"collection":[{"href":"https:\/\/www.heldenschmiede.com\/index.php\/wp-json\/wp\/v2\/pages"}],"about":[{"href":"https:\/\/www.heldenschmiede.com\/index.php\/wp-json\/wp\/v2\/types\/page"}],"author":[{"embeddable":true,"href":"https:\/\/www.heldenschmiede.com\/index.php\/wp-json\/wp\/v2\/users\/3"}],"replies":[{"embeddable":true,"href":"https:\/\/www.heldenschmiede.com\/index.php\/wp-json\/wp\/v2\/comments?post=277"}],"version-history":[{"count":26,"href":"https:\/\/www.heldenschmiede.com\/index.php\/wp-json\/wp\/v2\/pages\/277\/revisions"}],"predecessor-version":[{"id":313,"href":"https:\/\/www.heldenschmiede.com\/index.php\/wp-json\/wp\/v2\/pages\/277\/revisions\/313"}],"wp:attachment":[{"href":"https:\/\/www.heldenschmiede.com\/index.php\/wp-json\/wp\/v2\/media?parent=277"}],"curies":[{"name":"wp","href":"https:\/\/api.w.org\/{rel}","templated":true}]}}